-1 + -23 - (-73 + (-13 - -90)).
-28
What is the value of (-5 - -10) + -7 - (2 - (15 - -2))?
13
What is -2 - (1 - (16 + -11)) - -9?
11
What is the value of (2 - (-13 - -25)) + 4?
-6
Evaluate 19 + -4 - -4 - (46 - 42).
15
Evaluate -1 - 0 - (-11 + (-4 - -6 - 3)).
11
Evaluate 57 + -7 + (-35 - -15).
30
What is 7 - ((4 - 9) + (12 - 4))?
4
18 - (-3 - ((3 - 4) + -7))
13
Evaluate 6 - (13 + (11 + -13 - 4)).
-1
What is -4 + (-6 - (6 - (7 - 2)))?
-11
Calculate 3 - (-14 + 7 + 26) - (2 - -1).
-19
-48 - (-62 + 33) - -12
-7
What is 1 + -2 + 3 - (25 + -14 + -20)?
11
Evaluate 11 + (-59 - -46) + (0 - 2 - 18).
-22
What is -17 + 18 - ((3 - 1) + 0 + -13)?
12
Evaluate 7 + (-62 - -28) + 4.
-23
What is -22 + 8 + -7 + 11 + 9?
-1
Evaluate -14 - (-1 + 0) - (223 + -82 + -151).
-3
(887 - 889) + (-3 + 3 - -24 - -3)
25
What is the value of (-7 - -2 - (-5 + -5 - -3)) + 4?
6
(-23 - (3 + -1 - 3)) + (-790 - -783)
-29
Calculate 53 - -11 - 74 - (0 + 13).
-23
What is (17 - (52 + -25)) + 8 + -2?
-4
Evaluate 3 - ((-3 - -5) + -2 - -5) - -5.
3
Calculate 15 + -2 + 3 + 3 - (-324 + 327).
16
-3 + (3 - (-7 - -3 - (-15 + 4)))
-7
-3 + (-80 - -40) + 19
-24
Evaluate -8 - (-2 + -3 + (-2 - -4)).
-5
What is -13 - 0 - (-699 + 669)?
17
Evaluate (244 - 253) + (16 - 0) + -11 + 1.
-3
What is the value of -209 + 208 + -15 + 2 + -11?
-25
What is the value of 2 + (-8 - -9) + 8 + -16?
-5
Calculate 8 - (-2 - -20 - (9 - 8)).
-9
11 - -4 - (-11 + 43)
-17
What is the value of -9 + -1 + -4 - (-2 - 14 - -10)?
-8
Calculate (-20 - 17) + (67 - 11).
19
-18 - -5 - (0 - -2 - 3)
-12
-7 + (3 - 4) + (-8 - 15 - -17)
-14
Calculate -1 + 10 - (32 + -37 + (-1 - -3)).
12
(-32 - -4) + 137 + -95
14
What is the value of 10 + (-5 - (6 - 5)) - 29?
-25
What is the value of (3 - (6 + -10)) + (-7 + -1 - -1)?
0
11 - (-4 + (-3 - (-14 + 13)))
17
Calculate 25 + (-25 - (-27 + 2) - (0 + 1)).
24
What is the value of 11 - ((-1 - -17) + 96 + -103 + -6)?
8
Evaluate 1 + 49 + -896 + 850.
4
Evaluate (-63 - (-46 + 14)) + 19.
-12
Calculate (-28 - -7) + 10 + -18.
-29
Calculate -1 - ((-4 - 3) + 12) - -14.
8
What is 77 - 70 - (1 - -5)?
1
9 + 6 + -10 + (11 - 9)
7
What is the value of -14 - 0 - (-7 + -7 - (4 + -14))?
-10
What is (-20 - (1 - -1)) + (-8 + 13 - 7)?
-24
Evaluate 6 - (-7 + (12 - 4)).
5
What is 3 + (1 - 12) - (-5 - (-3 + 12))?
6
What is (8 - (-2 - -2) - (-460 + 463)) + 17?
22
Evaluate (-14 - -6) + 1 + 4.
-3
What is the value of (-2 - -8) + -33 + -3 + 47?
17
Calculate -11 - 0 - (-11 + 0).
0
What is -14 - (-9 - 0 - (15 + -6 - 14))?
-10
(-9 - (-3 + 2)) + -48 + 58
2
Evaluate -3 - -1 - (-1 + -1) - (539 + -548).
9
Calculate 1 - 21 - (-24 - (47 - 73)).
-22
Evaluate 21 + (-6 + (-10 - 0) - -6).
11
Calculate 5 + 13 + (-20 + -14 - -12).
-4
Calculate ((-7 - -4) + 7 - 30) + 8.
-18
Evaluate 7 + 0 + -522 + 497.
-18
(-4 - 0 - (-148 - -121)) + -18
5
3 + -18 + 17 + 20 + -15
7
28 + -25 - 25 - -11
-11
(-5 - 8) + 31 + -3 + -1 + 5
19
What is the value of -2 - 0 - (-56 - -64 - (-11 - -27))?
6
Evaluate 4 - -1 - (4 + -7 - -8).
0
Evaluate (10 - 11) + (2 - 9).
-8
What is (76 - 57) + 1 + -19?
1
What is the value of 73 + -89 + (-1 - -14) + (31 - -3)?
31
What is -35 + (76 - (16 - -1))?
24
What is (33 - 31) + (6 - -5)?
13
What is the value of 3 - 10 - (8 - (14 - 11))?
-12
What is the value of 10 - (-5 + (3 - -6)) - (21 - 15)?
0
What is (-19 - -37) + -15 + 2?
5
Calculate -19 + 7 + -6 + (-7 - -5) - -3.
-17
(4 - 1) + (5 - 2) - (88 + -82)
0
What is the value of 31 + (-26 - 6) - 18?
-19
(20 + (-9 - -9) - 4) + -3
13
Evaluate (15 - 0) + (2 - 10) + (9 - 3).
13
What is the value of 14 + -4 + 9 + -11?
8
What is the value of 6 + -8 + (-56 - -49)?
-9
21 - -1 - 38 - 12
-28
Evaluate (6 - 6) + 17 + (-2 - -2).
17
What is the value of 8 - (1 - ((-4 - -10) + -7))?
6
Evaluate -12 + 10 - (-20 - (7 - 11) - -6).
8
Evaluate 10 + 1 + 0 + -11 + (1 - 12).
-11
What is -5 + (-2 - 4) - (-8 + 6)?
-9
What is -20 - -7 - -57 - 8?
36
What is the value of 0 - -2 - (-6 - (7 + -5))?
10
Calculate (24 - 7 - 16) + 15.
16
What is the value of (0 - 8) + -18 + (45 - 8)?
11
Calculate -27 - -28 - (-1 + 15).
-13
Evaluate (-16 - (9 - 10)) + 25 - 3.
7
What is the value of 3 + (-2 - 2) - (20 + -31 + 10)?
0
What is 29 + -1 + 0 - (-3696 - -3693)?
31
Evaluate 7 - ((14 + -26 - -12) + -6).
13
What is -1 - (-18 + (-1 - -2) + (15 - 11))?
12
0 + (-15 - -30) - 11
4
Calculate (-10 + -5 - 4) + (36 - 26).
-9
What is the value of 3 + -34 - (-13 - (-4 - -1 - 7))?
-28
Evaluate (-3 - 0 - 3) + 0 - (474 - 462).
-18
(18 + -18 - -25) + (-7 - -1)
19
-10 + 7 + 11 - (2 - 1)
7
What is 24 - 29 - -12 - (-1 + -1 - -12)?
-3
What is 1 + -1 - 9 - (-10 - 9)?
10
Evaluate (1 - 7) + (31 - 6) + 1.
20
Calculate -55 + (-40 - -39 - -27).
-29
What is 18 + -24 - (0 + -17)?
11
-10 + 12 + 5 + -21
-14
What is 17 + 2 + (-8 - ((-5 - -7) + -6))?
15
Evaluate 270 - 278 - (0 - 24).
16
21 + -23 + 7 - -6
11
What is the value of -36 - (8 - -3 - (-80 - -100))?
-27
What is 11 - -3 - (11 + 16 + -19)?
6
8 - (4 + (-6 - -1) + 8)
1
What is the value of -27 + 41 - (16 + -3)?
1
Evaluate (-17 - (-27 - -10)) + -18.
-18
What is -10 - -8 - (6 + 6 + -5 - -3)?
-12
What is (-12 - -6 - 0) + 2 + -5 - -11?
2
Evaluate (-899 - -918) + 1 + -41.
-21
Calculate -2 + (2 - (-2 - -9) - 0) + 14.
7
What is (86 + -93 - (1 - 5) - 2) + 7?
2
6 - (4 + -2 - (10 - 8 - 3))
3
Calculate 7 + 3 + 30 + -44 + -6 + 1.
-9
What is the value of -49 - (-27 + (-16 - -27))?
-33
Evaluate -13 + (-15 - (-12 + 0) - 6).
-22
3 + 2 + -22 + 17 + 8
8
Evaluate -16 - -1 - (49 + -51).
-13
3 - -3 - (12 - 9) - (8 - -5)
-10
12 - (5 + (-10 - (-23 + 9))) - -27
30
Evaluate -9 - (10 + -1 - (4 + -1 - -3)).
-12
Calculate -1 + (-4 - 3) + (1 - 6) + 2.
-11
Calculate (10 + -37 - -16) + (20 - 1).
8
Calculate 0 - 0 - (9 + (-1 - 14)).
6
169 - 135 - (6 + -4 + 0 + 3)
29
Calculate 32 + 16 + (30 - 63).
15
What is the value of 5 - (-4 - 3) - -1?
13
What is the value of -5 - -25 - 38 - (-2 - -2 - 3)?
-15
-16 + -7 + -4 - (11 + (5 - 11))
-32
Evaluate (-1 + 0 + 5 - 1) + 61 + -56.
8
Calculate -42 + (46 - 24) + -14.
-34
Calculate -8 + 6 + (-20 - -27).
5
Evaluate 20 + -11 - ((1 - 7) + 13).
2
Evaluate -7 + 19 + (-9 - (-11 - 4)).
18
-4 + -10 + (-11 - -19) + -2 + -3
-11
Evaluate 7 + -28 - (-106 - -75).
10
-9 + 15 - (2 - (12 - (2 + 1)))
13
-25 + (-54 - -68) + (-3 - -2)
-12
What is -60 + 30 - (-3 - 0)?
-27
Calculate 12 + (3 - -1) - -4.
20
-33 - -29 - (-5 - (-16 - 0 - -4))
-11
Evaluate -6 + 14 - (2 + -13 + (9 - 8)).
18
(-1 + -1 - 20) + (-5 + 21 - 18)
-24
What is (-6 - -9) + (3 - (-1 + 3 - 1))?
5
Evaluate 253 + -241 + (1 - -1).
14
What is -5 - (-5 - 16) - (165 + -140)?
-9
74 + -83 - (-13 - (4 + -1)) - -8
15
What is -16 + 29 - (-25 - (-13 + 0))?
25
Calculate (-13 - (5 - 0)) + 33.
15
Calculate -1 - -16 - (108 - 96).
3
Evaluate (-7 - (-14 + -1 + -1)) + 3.
12
Evaluate 7 + 2 + (-9 - 8).
-8
11 - (13 - 0 - (147 - 146))
-1
Evaluate 177 + -169 - (2 - -14).
-8
Evaluate (-4 + 0 - 5) + -4 + 5.
-8
0 + 2 + 7 + -6 + -6 + -9
-12
Evaluate 5 + 0 + -2 + -14 + (-98 - -103).
-6
What is the value of -22 + (-15 + 12 - -4 - 9)?
-30
Calculate (7 - 2) + 5 - 7 - 17.
-14
Evaluate -19 + 0 - (2 + 0 + -41 + 32).
-12
6 + -2 + 7 + -1
10
-2704 - -2706 - (0 + -4 + -2 + 0)
8
Evaluate (2 - 0) + (-1 - -12 - 11 - -11).
13
Evaluate (18 - 16) + -5 + 5 + 0.
2
What is the value of -11 + 2 + (21 - (5 + -3))?
10
489 + -503 + (1 + 1 - -2)
-10
What is the value of (-8 - (8 + -26)) + (1 + -6 - 0)?
5
What is 35 + 4 + -47 - (12 + -1)?
-19
Evaluate -4 + (6 - -12) - 0.
14
-345 + 343 + -4 + 1
-5
-10 - ((-6 - -16) + -26)
6
Evaluate 0 + (-6 - (-3 + -6 + 5 + 6)).
-8
Calculate 37 + (3 - 47) + (1 - 1 - -13).
6
What is -27 - (-41 + 14 - 24)?
24
Calculate 31 + -24 + 5 - 23.
-11
Evaluate -18 - (-9 + (1 - (-3 + -5))).
-18
What is the value of (2 - (8 - (1 - -9))) + -12?
-8
What is 46 + -2 - (32 + -34 - -17)?
29
-15 - (-60 - -35 - -13)
-3
What is (21 - (25 + -15)) + 7 + -4?
14
Evaluate 4 + (-14 - (-2 + -15 + 9)) + -3.
-5
Calculate (37 - 10) + 2 + -7.
22
What is 8 + -1 - ((8 - 5) + 6) - -20?
18
What is -23 + -11 + -3 + (3 - -21) + -10?
-23
What is the value of (-6 - 3 - 8) + 2 - (8 + -1)?
-22
Evaluate (-16 - -4 - 6) + 13.
-5
Calculate -18 + 16 - (-2 + 17).
-17
What is the value of -2 + 0 + 12 + -5 + 55 + -61?
-1
Calculate (-7 - -1) + (12 + -1 - 23).
-18
Evaluate 3 - 10 - (6 + (-27 - 4)).
18
7 + (5 - (19 - 20))
13
Evaluate 11 + -